{"id":1725,"date":"2016-09-30T10:14:38","date_gmt":"2016-09-30T10:14:38","guid":{"rendered":"http:\/\/shuffle.edge-themes.com\/?page_id=1725"},"modified":"2021-06-16T08:48:20","modified_gmt":"2021-06-16T08:48:20","slug":"koncerti-in-delavnice","status":"publish","type":"page","link":"https:\/\/miha-eric-art.com\/music\/tour\/koncerti-in-delavnice\/","title":{"rendered":"Koncerti in Dogodki"},"content":{"rendered":"<p>[vc_row content_width=&#8221;grid&#8221; content_aligment=&#8221;center&#8221; css=&#8221;.vc_custom_1475231030166{padding-top: 8.9% !important;padding-bottom: 130px !important;background-image: url(http:\/\/shuffle.edge-themes.com\/wp-content\/uploads\/2016\/09\/events-dark-backgorund-image.jpg?id=1726) !important;background-position: center !important;background-repeat: no-repeat !important;background-size: cover !important;}&#8221;][vc_column]<div class=\"edgtf-events-list-holder-outer \" data-next-page= \"2\" data-order-by= \"date\" data-order= \"ASC\" data-event-status= \"all\" data-number= \"-1\" data-title-tag= \"h5\" data-button-shape= \"rounded\" data-button-skin= \"light\" data-text-color= \"#ffffff\" data-border-color= \"rgba(210,210,210,0.16)\" data-max-num-pages = 0><div class=\"edgtf-events-list-holder clearfix\"><div class=\"edgtf-event-content edgtf-events8620\" style=\"border-color:rgba(210,210,210,0.16)\" >\n\t<div class=\"edgtf-event-date-holder\" style=\"color:#ffffff\">\n\t\t\t\t\t<div class=\"edgtf-event-date-holder-left\">\n                            <span class=\"edgt-event-day-number-holder\">\n                                24                            <\/span>\n\t\t\t<\/div>\n\t\t\t<div class=\"edgtf-event-date-holder-right\">\n                            <span class=\"edgt-event-day-holder\">\n                                Jul                            <\/span>\n                            <span class=\"edgt-event-month-holder\">\n                                Fri                            <\/span>\n\t\t\t<\/div>\n\t\t\n\n\t<\/div>\n\t<div class=\"edgtf-event-title-holder\">\n\t\t<h5 class=\"edgtf-event-title\" style=\"color:#ffffff\">\n\t\t<a href=\"https:\/\/miha-eric-art.com\/music\/events\/samuel-blues-miha-eric-mladinski-center-celje\/\" target=\"_blank\">\n\t\t\tSamuel Blues &amp; Miha Eri\u010d &#8211; Mladinski Center Celje\t\t<\/a>\n\t<\/h5>\n<\/div>\n<div class=\"edgtf-event-buy-tickets-holder\">\n\t\n\t\t<span class=\"edgt-event-sold-out-holder\" style=\"color:#ffffff\">\n                              Sold out!                            <\/span>\n\t\t<\/div>\n<\/div><div class=\"edgtf-event-content edgtf-events8660\" style=\"border-color:rgba(210,210,210,0.16)\" >\n\t<div class=\"edgtf-event-date-holder\" style=\"color:#ffffff\">\n\t\t\t\t\t<div class=\"edgtf-event-date-holder-left\">\n                            <span class=\"edgt-event-day-number-holder\">\n                                08                            <\/span>\n\t\t\t<\/div>\n\t\t\t<div class=\"edgtf-event-date-holder-right\">\n                            <span class=\"edgt-event-day-holder\">\n                                Aug                            <\/span>\n                            <span class=\"edgt-event-month-holder\">\n                                Sat                            <\/span>\n\t\t\t<\/div>\n\t\t\n\n\t<\/div>\n\t<div class=\"edgtf-event-title-holder\">\n\t\t<h5 class=\"edgtf-event-title\" style=\"color:#ffffff\">\n\t\t<a href=\"https:\/\/miha-eric-art.com\/music\/events\/samuel-blues-miha-eric-trainstation-kranj\/\" target=\"_blank\">\n\t\t\tSamuel Blues &amp; Miha Eri\u010d &#8211; TrainStation Kranj\t\t<\/a>\n\t<\/h5>\n<\/div>\n<div class=\"edgtf-event-buy-tickets-holder\">\n\t\n\t\t<span class=\"edgt-event-sold-out-holder\" style=\"color:#ffffff\">\n                              Sold out!                            <\/span>\n\t\t<\/div>\n<\/div><div class=\"edgtf-event-content edgtf-events8964\" style=\"border-color:rgba(210,210,210,0.16)\" >\n\t<div class=\"edgtf-event-date-holder\" style=\"color:#ffffff\">\n\t\t\t\t\t<div class=\"edgtf-event-date-holder-left\">\n                            <span class=\"edgt-event-day-number-holder\">\n                                17                            <\/span>\n\t\t\t<\/div>\n\t\t\t<div class=\"edgtf-event-date-holder-right\">\n                            <span class=\"edgt-event-day-holder\">\n                                Nov                            <\/span>\n                            <span class=\"edgt-event-month-holder\">\n                                Tue                            <\/span>\n\t\t\t<\/div>\n\t\t\n\n\t<\/div>\n\t<div class=\"edgtf-event-title-holder\">\n\t\t<h5 class=\"edgtf-event-title\" style=\"color:#ffffff\">\n\t\t<a href=\"https:\/\/miha-eric-art.com\/music\/events\/nastop-v-oddaji-prva-vrsta-samuel-blues-miha-eric\/\" target=\"_blank\">\n\t\t\tNastop v oddaji Prva vrsta : Samuel Blues &#038; Miha Eri\u010d\t\t<\/a>\n\t<\/h5>\n<\/div>\n<div class=\"edgtf-event-buy-tickets-holder\">\n\t\t\t<span class=\"edgt-event-sold-out-holder\" style=\"color:#ffffff\">\n                              Free!                            <\/span>\n\t\t<\/div>\n<\/div><div class=\"edgtf-event-content edgtf-events8963\" style=\"border-color:rgba(210,210,210,0.16)\" >\n\t<div class=\"edgtf-event-date-holder\" style=\"color:#ffffff\">\n\t\t\t\t\t<div class=\"edgtf-event-date-holder-left\">\n                            <span class=\"edgt-event-day-number-holder\">\n                                04                            <\/span>\n\t\t\t<\/div>\n\t\t\t<div class=\"edgtf-event-date-holder-right\">\n                            <span class=\"edgt-event-day-holder\">\n                                Dec                            <\/span>\n                            <span class=\"edgt-event-month-holder\">\n                                Fri                            <\/span>\n\t\t\t<\/div>\n\t\t\n\n\t<\/div>\n\t<div class=\"edgtf-event-title-holder\">\n\t\t<h5 class=\"edgtf-event-title\" style=\"color:#ffffff\">\n\t\t<a href=\"https:\/\/miha-eric-art.com\/music\/events\/kantfest-miha-eric-na-festivalu-kantavtorstva\/\" target=\"_blank\">\n\t\t\tKantFest  &#8211; Miha Eri\u010d na festivalu kantavtorstva\t\t<\/a>\n\t<\/h5>\n<\/div>\n<div class=\"edgtf-event-buy-tickets-holder\">\n\t\t\t<span class=\"edgt-event-sold-out-holder\" style=\"color:#ffffff\">\n                              Free!                            <\/span>\n\t\t<\/div>\n<\/div><div class=\"edgtf-event-content edgtf-events8966\" style=\"border-color:rgba(210,210,210,0.16)\" >\n\t<div class=\"edgtf-event-date-holder\" style=\"color:#ffffff\">\n\t\t\t\t\t<div class=\"edgtf-event-date-holder-left\">\n                            <span class=\"edgt-event-day-number-holder\">\n                                27                            <\/span>\n\t\t\t<\/div>\n\t\t\t<div class=\"edgtf-event-date-holder-right\">\n                            <span class=\"edgt-event-day-holder\">\n                                Dec                            <\/span>\n                            <span class=\"edgt-event-month-holder\">\n                                Sun                            <\/span>\n\t\t\t<\/div>\n\t\t\n\n\t<\/div>\n\t<div class=\"edgtf-event-title-holder\">\n\t\t<h5 class=\"edgtf-event-title\" style=\"color:#ffffff\">\n\t\t<a href=\"https:\/\/miha-eric-art.com\/music\/events\/nedeljske-vecernice-ob-osmih-z-mefom\/\" target=\"_blank\">\n\t\t\tNedeljske ve\u010dernice ob osmih z Mefom\t\t<\/a>\n\t<\/h5>\n<\/div>\n<div class=\"edgtf-event-buy-tickets-holder\">\n\t\t\t<span class=\"edgt-event-sold-out-holder\" style=\"color:#ffffff\">\n                              Free!                            <\/span>\n\t\t<\/div>\n<\/div><div class=\"edgtf-event-content edgtf-events9185\" style=\"border-color:rgba(210,210,210,0.16)\" >\n\t<div class=\"edgtf-event-date-holder\" style=\"color:#ffffff\">\n\t\t\t\t\t<div class=\"edgtf-event-date-holder-left\">\n                            <span class=\"edgt-event-day-number-holder\">\n                                09                            <\/span>\n\t\t\t<\/div>\n\t\t\t<div class=\"edgtf-event-date-holder-right\">\n                            <span class=\"edgt-event-day-holder\">\n                                Jul                            <\/span>\n                            <span class=\"edgt-event-month-holder\">\n                                Fri                            <\/span>\n\t\t\t<\/div>\n\t\t\n\n\t<\/div>\n\t<div class=\"edgtf-event-title-holder\">\n\t\t<h5 class=\"edgtf-event-title\" style=\"color:#ffffff\">\n\t\t<a href=\"https:\/\/miha-eric-art.com\/music\/events\/samuel-blues-miha-eric-zvezdana-novakovic-zven-caralice-drugagodba2021\/\" target=\"_blank\">\n\t\t\tSamuel Blues &#038; Miha Eri\u010d + Zvezdana Novakovi\u0107 ZveN \u00bb\u010cARALICE\u00ab @ DrugaGodba2021\t\t<\/a>\n\t<\/h5>\n<\/div>\n<div class=\"edgtf-event-buy-tickets-holder\">\n\t<a href=\"https:\/\/l.facebook.com\/l.php?u=https%3A%2F%2Fbit.ly%2F37thDrugaGodbaFestivalPass%3Ffbclid%3DIwAR2-dMaWjScs0vhhsTeehN7wO9AZaWsRVOA4O7YENDmvwrffVbxOAgDONBE&#038;h=AT0acfaiM9iiHSVwzt_HfL6qShvVVDpjDC9shESCy4tvkMAMGoVNxIFlCn8O8d9eyzl9BDwYaB8Pd9JZ5zAb5q2gAxfaYvMWy_9OH3RXEpK03CQDHOpsBkPR9AJjzOVo&#038;__tn__=q&#038;c%5B0%5D=AT1DhT4kmleWmrJ1xnuo65GEp0yO-hlUsMWcMZX8H99xqxtDPVo2Ck9QYvjifq1Wcvtb8U86-PAP7jMWH0boVTOle6PPHOL0CTqaUIF0CaeAvfje_PLhYNFGsjcnfptOe7lfUFPzK81OHi1z00bIsfF5\" target=\"_self\"  class=\"edgtf-btn edgtf-btn-medium edgtf-btn-outline event-buy-tickets-button edgtf-btn-light\"  >\n    <span class=\"edgtf-btn-text\">Buy Tickets<\/span>\n    <\/a><\/div>\n<\/div><div class=\"edgtf-event-content edgtf-events9217\" style=\"border-color:rgba(210,210,210,0.16)\" >\n\t<div class=\"edgtf-event-date-holder\" style=\"color:#ffffff\">\n\t\t\t\t\t<div class=\"edgtf-event-date-holder-left\">\n                            <span class=\"edgt-event-day-number-holder\">\n                                22                            <\/span>\n\t\t\t<\/div>\n\t\t\t<div class=\"edgtf-event-date-holder-right\">\n                            <span class=\"edgt-event-day-holder\">\n                                Aug                            <\/span>\n                            <span class=\"edgt-event-month-holder\">\n                                Sun                            <\/span>\n\t\t\t<\/div>\n\t\t\n\n\t<\/div>\n\t<div class=\"edgtf-event-title-holder\">\n\t\t<h5 class=\"edgtf-event-title\" style=\"color:#ffffff\">\n\t\t<a href=\"https:\/\/miha-eric-art.com\/music\/events\/3tone-na-festivalu-pisana-loka\/\" target=\"_blank\">\n\t\t\t3TONE na Festivalu Pisana Loka\t\t<\/a>\n\t<\/h5>\n<\/div>\n<div class=\"edgtf-event-buy-tickets-holder\">\n\t\t\t<span class=\"edgt-event-sold-out-holder\" style=\"color:#ffffff\">\n                              Free!                            <\/span>\n\t\t<\/div>\n<\/div><div class=\"edgtf-event-content edgtf-events9218\" style=\"border-color:rgba(210,210,210,0.16)\" >\n\t<div class=\"edgtf-event-date-holder\" style=\"color:#ffffff\">\n\t\t\t\t\t<div class=\"edgtf-event-date-holder-left\">\n                            <span class=\"edgt-event-day-number-holder\">\n                                25                            <\/span>\n\t\t\t<\/div>\n\t\t\t<div class=\"edgtf-event-date-holder-right\">\n                            <span class=\"edgt-event-day-holder\">\n                                Aug                            <\/span>\n                            <span class=\"edgt-event-month-holder\">\n                                Wed                            <\/span>\n\t\t\t<\/div>\n\t\t\n\n\t<\/div>\n\t<div class=\"edgtf-event-title-holder\">\n\t\t<h5 class=\"edgtf-event-title\" style=\"color:#ffffff\">\n\t\t<a href=\"https:\/\/miha-eric-art.com\/music\/events\/samuel-blues-miha-eric-na-kulturni-plazi-v-ravnah-na-koroskem\/\" target=\"_blank\">\n\t\t\tSamuel Blues &#038; Miha Eri\u010d na Kulturni Pla\u017ei v Ravnah na Koro\u0161kem\t\t<\/a>\n\t<\/h5>\n<\/div>\n<div class=\"edgtf-event-buy-tickets-holder\">\n\t\t\t<span class=\"edgt-event-sold-out-holder\" style=\"color:#ffffff\">\n                              Free!                            <\/span>\n\t\t<\/div>\n<\/div><\/div><\/div>[\/vc_column][\/vc_row][vc_row][vc_column]<div class=\"edgtf-boxed-icons clearfix edgtf-bi-8-columns\"><div class=\"edgtf-boxed-icon-holder\" style=\"background-color:#0d0d0d\">\n\t<div class=\"edgtf-boxed-icon\">\n\t\t\t\t\t<a href=\"https:\/\/www.instagram.com\/miha_eric_art\/\" target=\"_blank\">\n\t\t\t\t\t<div class=\"edgtf-boxed-icon-inner\">\n\t\t\t\t\t\t\t\t\t\n    <span class=\"edgtf-icon-shortcode normal\"  data-hover-color=\"#ffffff\" data-color=\"#5a5a5a\">\n        \n        <i class=\"edgtf-icon-font-awesome fa fa-instagram edgtf-icon-element\" style=\"color: #5a5a5a;font-size:59px\" ><\/i>\n            <\/span>\n\n\t\t\t\t\t\t\t\t\t\t\t\t\t<span class=\"edgtf-boxed-icon-title\" >Instagram<\/span>\n\t\t\t\t\t\t\t<\/div>\n\t\t\t\t\t<\/a>\n\t\t\t<\/div>\n<\/div><div class=\"edgtf-boxed-icon-holder\" style=\"background-color:#0d0d0d\">\n\t<div class=\"edgtf-boxed-icon\">\n\t\t\t\t\t<a href=\"https:\/\/soundcloud.com\/mike_the_blues_man\" target=\"_blank\">\n\t\t\t\t\t<div class=\"edgtf-boxed-icon-inner\">\n\t\t\t\t\t\t\t\t\t\n    <span class=\"edgtf-icon-shortcode normal\"  data-hover-color=\"#ffffff\" data-color=\"#5a5a5a\">\n        \n        <i class=\"edgtf-icon-font-awesome fa fa-soundcloud edgtf-icon-element\" style=\"color: #5a5a5a;font-size:57px\" ><\/i>\n            <\/span>\n\n\t\t\t\t\t\t\t\t\t\t\t\t\t<span class=\"edgtf-boxed-icon-title\" >Soundcloud<\/span>\n\t\t\t\t\t\t\t<\/div>\n\t\t\t\t\t<\/a>\n\t\t\t<\/div>\n<\/div><div class=\"edgtf-boxed-icon-holder\" style=\"background-color:#252525\">\n\t<div class=\"edgtf-boxed-icon\">\n\t\t\t\t\t<a href=\"https:\/\/www.youtube.com\/channel\/UCy38rQ1R9xUnVtvKAuI9iVw\" target=\"_blank\">\n\t\t\t\t\t<div class=\"edgtf-boxed-icon-inner\">\n\t\t\t\t\t\t\t\t\t\n    <span class=\"edgtf-icon-shortcode normal\"  data-hover-color=\"#ffffff\" data-color=\"#5a5a5a\">\n        \n        <i class=\"edgtf-icon-font-awesome fa fa-youtube-play edgtf-icon-element\" style=\"color: #5a5a5a;font-size:59px\" ><\/i>\n            <\/span>\n\n\t\t\t\t\t\t\t\t\t\t\t\t\t<span class=\"edgtf-boxed-icon-title\" >Youtube<\/span>\n\t\t\t\t\t\t\t<\/div>\n\t\t\t\t\t<\/a>\n\t\t\t<\/div>\n<\/div><div class=\"edgtf-boxed-icon-holder\" style=\"background-color:#0d0d0d\">\n\t<div class=\"edgtf-boxed-icon\">\n\t\t\t\t\t<a href=\"https:\/\/www.facebook.com\/MihaEricArt\/\" target=\"_blank\">\n\t\t\t\t\t<div class=\"edgtf-boxed-icon-inner\">\n\t\t\t\t\t\t\t\t\t\n    <span class=\"edgtf-icon-shortcode normal\"  data-hover-color=\"#ffffff\" data-color=\"#5a5a5a\">\n        \n        <i class=\"edgtf-icon-font-awesome fa fa-facebook edgtf-icon-element\" style=\"color: #5a5a5a;font-size:59px\" ><\/i>\n            <\/span>\n\n\t\t\t\t\t\t\t\t\t\t\t\t\t<span class=\"edgtf-boxed-icon-title\" >Facebook<\/span>\n\t\t\t\t\t\t\t<\/div>\n\t\t\t\t\t<\/a>\n\t\t\t<\/div>\n<\/div><div class=\"edgtf-boxed-icon-holder\" style=\"background-color:#252525\">\n\t<div class=\"edgtf-boxed-icon\">\n\t\t\t\t\t<a href=\"https:\/\/mihaericart.bandcamp.com\/\" target=\"_blank\">\n\t\t\t\t\t<div class=\"edgtf-boxed-icon-inner\">\n\t\t\t\t\t\t\t\t\t\n    <span class=\"edgtf-icon-shortcode normal\"  data-hover-color=\"#ffffff\" data-color=\"#5a5a5a\">\n        \n        <span aria-hidden=\"true\" class=\"edgtf-icon-font-elegant icon_mic edgtf-icon-element\" style=\"color: #5a5a5a;font-size:54px\" ><\/span>\n            <\/span>\n\n\t\t\t\t\t\t\t\t\t\t\t\t\t<span class=\"edgtf-boxed-icon-title\" >Bandcamp<\/span>\n\t\t\t\t\t\t\t<\/div>\n\t\t\t\t\t<\/a>\n\t\t\t<\/div>\n<\/div><div class=\"edgtf-boxed-icon-holder\" style=\"background-color:#0d0d0d\">\n\t<div class=\"edgtf-boxed-icon\">\n\t\t\t\t\t<a href=\"https:\/\/play.google.com\/store\" target=\"_blank\">\n\t\t\t\t\t<div class=\"edgtf-boxed-icon-inner\">\n\t\t\t\t\t\t\t\t\t\n    <span class=\"edgtf-icon-shortcode normal\"  data-hover-color=\"#ffffff\" data-color=\"#5a5a5a\">\n        \n        <i class=\"edgtf-icon-font-awesome fa fa-play edgtf-icon-element\" style=\"color: #5a5a5a;font-size:54px\" ><\/i>\n            <\/span>\n\n\t\t\t\t\t\t\t\t\t\t\t\t\t<span class=\"edgtf-boxed-icon-title\" >Google Play<\/span>\n\t\t\t\t\t\t\t<\/div>\n\t\t\t\t\t<\/a>\n\t\t\t<\/div>\n<\/div><div class=\"edgtf-boxed-icon-holder\" style=\"background-color:#0d0d0d\">\n\t<div class=\"edgtf-boxed-icon\">\n\t\t\t\t\t<a href=\"https:\/\/play.google.com\/store\" target=\"_blank\">\n\t\t\t\t\t<div class=\"edgtf-boxed-icon-inner\">\n\t\t\t\t\t\t\t\t\t\n    <span class=\"edgtf-icon-shortcode normal\"  data-hover-color=\"#ffffff\" data-color=\"#5a5a5a\">\n        \n        <i class=\"edgtf-icon-font-awesome fa fa-play edgtf-icon-element\" style=\"color: #5a5a5a;font-size:54px\" ><\/i>\n            <\/span>\n\n\t\t\t\t\t\t\t\t\t\t\t\t\t<span class=\"edgtf-boxed-icon-title\" >Google Play<\/span>\n\t\t\t\t\t\t\t<\/div>\n\t\t\t\t\t<\/a>\n\t\t\t<\/div>\n<\/div><div class=\"edgtf-boxed-icon-holder\" style=\"background-color:#0d0d0d\">\n\t<div class=\"edgtf-boxed-icon\">\n\t\t\t\t\t<a href=\"https:\/\/play.google.com\/store\" target=\"_blank\">\n\t\t\t\t\t<div class=\"edgtf-boxed-icon-inner\">\n\t\t\t\t\t\t\t\t\t\n    <span class=\"edgtf-icon-shortcode normal\"  data-hover-color=\"#ffffff\" data-color=\"#5a5a5a\">\n        \n        <i class=\"edgtf-icon-font-awesome fa fa-play edgtf-icon-element\" style=\"color: #5a5a5a;font-size:54px\" ><\/i>\n            <\/span>\n\n\t\t\t\t\t\t\t\t\t\t\t\t\t<span class=\"edgtf-boxed-icon-title\" >Google Play<\/span>\n\t\t\t\t\t\t\t<\/div>\n\t\t\t\t\t<\/a>\n\t\t\t<\/div>\n<\/div><\/div>[\/vc_column][\/vc_row]<\/p>\n","protected":false},"excerpt":{"rendered":"<p>[vc_row content_width=&#8221;grid&#8221; content_aligment=&#8221;center&#8221; css=&#8221;.vc_custom_1475231030166{padding-top: 8.9% !important;padding-bottom: 130px !important;background-image: url(http:\/\/shuffle.edge-themes.com\/wp-content\/uploads\/2016\/09\/events-dark-backgorund-image.jpg?id=1726) !important;background-position: center !important;background-repeat: no-repeat !important;background-size: cover !important;}&#8221;][vc_column][\/vc_column][\/vc_row][vc_row][vc_column][\/vc_column][\/vc_row]<\/p>\n","protected":false},"author":1,"featured_media":0,"parent":1711,"menu_order":0,"comment_status":"closed","ping_status":"closed","template":"full-width.php","meta":{"footnotes":""},"class_list":["post-1725","page","type-page","status-publish","hentry"],"yoast_head":"<!-- This site is optimized with the Yoast SEO plugin v22.2 - https:\/\/yoast.com\/wordpress\/plugins\/seo\/ -->\n<title>Koncerti in Dogodki - Music<\/title>\n<meta name=\"description\" content=\"Miha Eri\u010d - glasba- koncerti in dogodki. Festivali, delavnice, predavanja, koncerti in ostali glasbeni dogodki.\" \/>\n<meta name=\"robots\" content=\"index, follow, max-snippet:-1, max-image-preview:large, max-video-preview:-1\" \/>\n<link rel=\"canonical\" href=\"https:\/\/miha-eric-art.com\/music\/tour\/koncerti-in-delavnice\/\" \/>\n<meta property=\"og:locale\" content=\"en_US\" \/>\n<meta property=\"og:type\" content=\"article\" \/>\n<meta property=\"og:title\" content=\"Koncerti in Dogodki - Music\" \/>\n<meta property=\"og:description\" content=\"Miha Eri\u010d - glasba- koncerti in dogodki. Festivali, delavnice, predavanja, koncerti in ostali glasbeni dogodki.\" \/>\n<meta property=\"og:url\" content=\"https:\/\/miha-eric-art.com\/music\/tour\/koncerti-in-delavnice\/\" \/>\n<meta property=\"og:site_name\" content=\"Music\" \/>\n<meta property=\"article:modified_time\" content=\"2021-06-16T08:48:20+00:00\" \/>\n<meta name=\"twitter:card\" content=\"summary_large_image\" \/>\n<meta name=\"twitter:label1\" content=\"Est. reading time\" \/>\n\t<meta name=\"twitter:data1\" content=\"1 minute\" \/>\n<script type=\"application\/ld+json\" class=\"yoast-schema-graph\">{\"@context\":\"https:\/\/schema.org\",\"@graph\":[{\"@type\":\"WebPage\",\"@id\":\"https:\/\/miha-eric-art.com\/music\/tour\/koncerti-in-delavnice\/\",\"url\":\"https:\/\/miha-eric-art.com\/music\/tour\/koncerti-in-delavnice\/\",\"name\":\"Koncerti in Dogodki - Music\",\"isPartOf\":{\"@id\":\"https:\/\/miha-eric-art.com\/music\/#website\"},\"datePublished\":\"2016-09-30T10:14:38+00:00\",\"dateModified\":\"2021-06-16T08:48:20+00:00\",\"description\":\"Miha Eri\u010d - glasba- koncerti in dogodki. Festivali, delavnice, predavanja, koncerti in ostali glasbeni dogodki.\",\"breadcrumb\":{\"@id\":\"https:\/\/miha-eric-art.com\/music\/tour\/koncerti-in-delavnice\/#breadcrumb\"},\"inLanguage\":\"en-US\",\"potentialAction\":[{\"@type\":\"ReadAction\",\"target\":[\"https:\/\/miha-eric-art.com\/music\/tour\/koncerti-in-delavnice\/\"]}]},{\"@type\":\"BreadcrumbList\",\"@id\":\"https:\/\/miha-eric-art.com\/music\/tour\/koncerti-in-delavnice\/#breadcrumb\",\"itemListElement\":[{\"@type\":\"ListItem\",\"position\":1,\"name\":\"Home\",\"item\":\"https:\/\/miha-eric-art.com\/music\/\"},{\"@type\":\"ListItem\",\"position\":2,\"name\":\"Tour\",\"item\":\"https:\/\/miha-eric-art.com\/music\/tour\/\"},{\"@type\":\"ListItem\",\"position\":3,\"name\":\"Koncerti in Dogodki\"}]},{\"@type\":\"WebSite\",\"@id\":\"https:\/\/miha-eric-art.com\/music\/#website\",\"url\":\"https:\/\/miha-eric-art.com\/music\/\",\"name\":\"Music\",\"description\":\"MIha Eri\u010d Music\",\"potentialAction\":[{\"@type\":\"SearchAction\",\"target\":{\"@type\":\"EntryPoint\",\"urlTemplate\":\"https:\/\/miha-eric-art.com\/music\/?s={search_term_string}\"},\"query-input\":\"required name=search_term_string\"}],\"inLanguage\":\"en-US\"}]}<\/script>\n<!-- \/ Yoast SEO plugin. -->","yoast_head_json":{"title":"Koncerti in Dogodki - Music","description":"Miha Eri\u010d - glasba- koncerti in dogodki. Festivali, delavnice, predavanja, koncerti in ostali glasbeni dogodki.","robots":{"index":"index","follow":"follow","max-snippet":"max-snippet:-1","max-image-preview":"max-image-preview:large","max-video-preview":"max-video-preview:-1"},"canonical":"https:\/\/miha-eric-art.com\/music\/tour\/koncerti-in-delavnice\/","og_locale":"en_US","og_type":"article","og_title":"Koncerti in Dogodki - Music","og_description":"Miha Eri\u010d - glasba- koncerti in dogodki. Festivali, delavnice, predavanja, koncerti in ostali glasbeni dogodki.","og_url":"https:\/\/miha-eric-art.com\/music\/tour\/koncerti-in-delavnice\/","og_site_name":"Music","article_modified_time":"2021-06-16T08:48:20+00:00","twitter_card":"summary_large_image","twitter_misc":{"Est. reading time":"1 minute"},"schema":{"@context":"https:\/\/schema.org","@graph":[{"@type":"WebPage","@id":"https:\/\/miha-eric-art.com\/music\/tour\/koncerti-in-delavnice\/","url":"https:\/\/miha-eric-art.com\/music\/tour\/koncerti-in-delavnice\/","name":"Koncerti in Dogodki - Music","isPartOf":{"@id":"https:\/\/miha-eric-art.com\/music\/#website"},"datePublished":"2016-09-30T10:14:38+00:00","dateModified":"2021-06-16T08:48:20+00:00","description":"Miha Eri\u010d - glasba- koncerti in dogodki. Festivali, delavnice, predavanja, koncerti in ostali glasbeni dogodki.","breadcrumb":{"@id":"https:\/\/miha-eric-art.com\/music\/tour\/koncerti-in-delavnice\/#breadcrumb"},"inLanguage":"en-US","potentialAction":[{"@type":"ReadAction","target":["https:\/\/miha-eric-art.com\/music\/tour\/koncerti-in-delavnice\/"]}]},{"@type":"BreadcrumbList","@id":"https:\/\/miha-eric-art.com\/music\/tour\/koncerti-in-delavnice\/#breadcrumb","itemListElement":[{"@type":"ListItem","position":1,"name":"Home","item":"https:\/\/miha-eric-art.com\/music\/"},{"@type":"ListItem","position":2,"name":"Tour","item":"https:\/\/miha-eric-art.com\/music\/tour\/"},{"@type":"ListItem","position":3,"name":"Koncerti in Dogodki"}]},{"@type":"WebSite","@id":"https:\/\/miha-eric-art.com\/music\/#website","url":"https:\/\/miha-eric-art.com\/music\/","name":"Music","description":"MIha Eri\u010d Music","potentialAction":[{"@type":"SearchAction","target":{"@type":"EntryPoint","urlTemplate":"https:\/\/miha-eric-art.com\/music\/?s={search_term_string}"},"query-input":"required name=search_term_string"}],"inLanguage":"en-US"}]}},"_links":{"self":[{"href":"https:\/\/miha-eric-art.com\/music\/wp-json\/wp\/v2\/pages\/1725","targetHints":{"allow":["GET"]}}],"collection":[{"href":"https:\/\/miha-eric-art.com\/music\/wp-json\/wp\/v2\/pages"}],"about":[{"href":"https:\/\/miha-eric-art.com\/music\/wp-json\/wp\/v2\/types\/page"}],"author":[{"embeddable":true,"href":"https:\/\/miha-eric-art.com\/music\/wp-json\/wp\/v2\/users\/1"}],"replies":[{"embeddable":true,"href":"https:\/\/miha-eric-art.com\/music\/wp-json\/wp\/v2\/comments?post=1725"}],"version-history":[{"count":9,"href":"https:\/\/miha-eric-art.com\/music\/wp-json\/wp\/v2\/pages\/1725\/revisions"}],"predecessor-version":[{"id":9190,"href":"https:\/\/miha-eric-art.com\/music\/wp-json\/wp\/v2\/pages\/1725\/revisions\/9190"}],"up":[{"embeddable":true,"href":"https:\/\/miha-eric-art.com\/music\/wp-json\/wp\/v2\/pages\/1711"}],"wp:attachment":[{"href":"https:\/\/miha-eric-art.com\/music\/wp-json\/wp\/v2\/media?parent=1725"}],"curies":[{"name":"wp","href":"https:\/\/api.w.org\/{rel}","templated":true}]}}