{"id":8840,"date":"2020-09-05T07:06:58","date_gmt":"2020-09-05T07:06:58","guid":{"rendered":"https:\/\/miha-eric-art.com\/music\/?post_type=product&#038;p=8840"},"modified":"2021-03-27T16:07:23","modified_gmt":"2021-03-27T16:07:23","slug":"likovne-delavnice-mihe-erica","status":"publish","type":"product","link":"https:\/\/miha-eric-art.com\/music\/product\/likovne-delavnice-mihe-erica\/","title":{"rendered":"Likovne delavnice Mihe Eri\u010da"},"content":{"rendered":"<p>OPIS DELAVNICE<\/p>\n<p>Grafi\u010dna likovna delavnica pod mentorstvom priznanega akademskega umetnika <a href=\"https:\/\/miha-eric-art.com\/fine-art\/o-meni\/\">Mihe Eri\u010da<\/a> bo sestavljena iz uvodnega teoreti\u010dnega in glavnega prakti\u010dnega dela.<br \/>\nTeoreti\u010dni del bo zajemal zgodovino tiska, pomen razmno\u017eevanja podobe, grafike kot obrti in umetnosti ter razvoj grafike v razli\u010dnih obdobjih in posameznih kulturah.<br \/>\nPrakti\u010dni del bo sestavljen iz neposredne predstavitve orodja in na\u010dina dela (pre\u0161a, rezbarski no\u017eki, barva, linolej, papir, valj\u010dek). Temu sledi idejna zasnova kon\u010dnega grafi\u010dnega dela posameznega udele\u017eenca delavnice, razvoj ideje in domi\u0161ljije ter skica. Delavnica bo vklju\u010devala tudi neposredno izrezovanje v matrico linoleja in tiskanje pod grafi\u010dno pre\u0161o na tiskarski grafi\u010dni papir z zaklju\u010dnim specifi\u010dnim podpisovanjem grafike.<br \/>\nDelavnica ja namenjena vsem starostnim skupinam, ki imajo razvito osnovno motoriko, saj delo zajema tudi rokovanje z majhnimi ostrimi no\u017eki (priporo\u010damo najni\u017ejo starost 10 let).<br \/>\nMENTOR DELAVNICE:<br \/>\n<a href=\"https:\/\/www.facebook.com\/MihaEricArt\">MIHA ERI\u010c<\/a> je akademski grafik, ilustrator in glasbenik. Je avtor \u0161tevilnih samostojnih in skupinskih likovnih razstav doma in v tujini. Ustvarja v realisti\u010dni tehniki, predvsem v grafiki (linorez in lesorez), v svojem delu upo\u0161teva izku\u0161nje tako tradicionalne kot tudi sodobne prakse. Avtorja zanimajo drobne naklju\u010dne sledi, v katerih vidi preprosto neposrednost nastajanja likovne kompozicijske raznolikosti in barvne impresije.<\/p>\n<p>Kotizacija: 25 EUR<\/p>\n<p>Trajanje 3h (180 min).<br \/>\nPrijave sprejemamo na mail: umetnost.orbita@gmail.com<br \/>\n\u0160tevilo mest je omejeno (15).<br \/>\nVsi boste na delavnicah prejeli, poleg individualnih korektur tudi ves potreben material za izdelavo svoje grafike-ve\u010d odtisov, ki jih potem lahko tudi odnesete domov skupaj z matrico.<\/p>\n<p>Se veselimo sre\u010danja!<\/p>\n","protected":false},"excerpt":{"rendered":"<p>OPIS DELAVNICE<\/p>\n<p>Grafi\u010dna likovna delavnica pod mentorstvom priznanega akademskega umetnika Mihe Eri\u010da bo sestavljena iz uvodnega teoreti\u010dnega in glavnega prakti\u010dnega dela.<br \/>\nTeoreti\u010dni del bo zajemal zgodovino tiska, pomen razmno\u017eevanja podobe, grafike kot obrti in umetnosti ter razvoj grafike v razli\u010dnih obdobjih in posameznih kulturah.<br \/>\nPrakti\u010dni del bo sestavljen iz neposredne predstavitve orodja in na\u010dina dela (pre\u0161a, rezbarski no\u017eki, barva, linolej, papir, valj\u010dek). Temu sledi idejna zasnova kon\u010dnega grafi\u010dnega dela posameznega udele\u017eenca delavnice, razvoj ideje in domi\u0161ljije ter skica. Delavnica bo vklju\u010devala tudi neposredno izrezovanje v matrico linoleja in tiskanje pod grafi\u010dno pre\u0161o na tiskarski grafi\u010dni papir z zaklju\u010dnim specifi\u010dnim podpisovanjem grafike.<br \/>\nDelavnica ja namenjena vsem starostnim skupinam, ki imajo razvito osnovno motoriko, saj delo zajema tudi rokovanje z majhnimi ostrimi no\u017eki (priporo\u010damo najni\u017ejo starost 10 let).<br \/>\nMENTOR DELAVNICE:<br \/>\nMIHA ERI\u010c je akademski grafik, ilustrator in glasbenik. Je avtor \u0161tevilnih samostojnih in skupinskih likovnih razstav doma in v tujini. Ustvarja v realisti\u010dni tehniki, predvsem v grafiki (linorez in lesorez), v svojem delu upo\u0161teva izku\u0161nje tako tradicionalne kot tudi sodobne prakse. Avtorja zanimajo drobne naklju\u010dne sledi, v katerih vidi preprosto neposrednost nastajanja likovne kompozicijske raznolikosti in barvne impresije.<\/p>\n<p>Kotizacija: 25 EUR<\/p>\n<p>Trajanje 3h (180 min).<br \/>\nPrijave sprejemamo na mail: umetnost.orbita@gmail.com<br \/>\n\u0160tevilo mest je omejeno (15).<br \/>\nVsi boste na delavnicah prejeli, poleg individualnih korektur tudi ves potreben material za izdelavo svoje grafike-ve\u010d odtisov, ki jih potem lahko tudi odnesete domov skupaj z matrico.<\/p>\n<p>Se veselimo sre\u010danja!<\/p>\n","protected":false},"featured_media":8841,"comment_status":"open","ping_status":"closed","template":"","meta":[],"product_cat":[170],"product_tag":[],"class_list":{"0":"post-8840","1":"product","2":"type-product","3":"status-publish","4":"has-post-thumbnail","6":"product_cat-delavnice","7":"edgtf-single-product-wrapper-top","9":"first","10":"instock","11":"taxable","12":"shipping-taxable","13":"purchasable","14":"product-type-simple"},"yoast_head":"<!-- This site is optimized with the Yoast SEO plugin v22.2 - https:\/\/yoast.com\/wordpress\/plugins\/seo\/ -->\n<title>Likovne delavnice Mihe Eri\u010da - Music<\/title>\n<meta name=\"description\" content=\"Miha Eri\u010d likovne delavnice: linorez\/lesorez\/bakrorez\" \/>\n<meta name=\"robots\" content=\"index, follow, max-snippet:-1, max-image-preview:large, max-video-preview:-1\" \/>\n<link rel=\"canonical\" href=\"https:\/\/miha-eric-art.com\/music\/product\/likovne-delavnice-mihe-erica\/\" \/>\n<meta property=\"og:locale\" content=\"en_US\" \/>\n<meta property=\"og:type\" content=\"article\" \/>\n<meta property=\"og:title\" content=\"Likovne delavnice Mihe Eri\u010da - Music\" \/>\n<meta property=\"og:description\" content=\"Miha Eri\u010d likovne delavnice: linorez\/lesorez\/bakrorez\" \/>\n<meta property=\"og:url\" content=\"https:\/\/miha-eric-art.com\/music\/product\/likovne-delavnice-mihe-erica\/\" \/>\n<meta property=\"og:site_name\" content=\"Music\" \/>\n<meta property=\"article:modified_time\" content=\"2021-03-27T16:07:23+00:00\" \/>\n<meta property=\"og:image\" content=\"https:\/\/miha-eric-art.com\/music\/wp-content\/uploads\/sites\/3\/2020\/09\/Delavnice-z-Miho-Ericem.jpg\" \/>\n\t<meta property=\"og:image:width\" content=\"1984\" \/>\n\t<meta property=\"og:image:height\" content=\"1488\" \/>\n\t<meta property=\"og:image:type\" content=\"image\/jpeg\" \/>\n<meta name=\"twitter:card\" content=\"summary_large_image\" \/>\n<meta name=\"twitter:label1\" content=\"Est. reading time\" \/>\n\t<meta name=\"twitter:data1\" content=\"1 minute\" \/>\n<script type=\"application\/ld+json\" class=\"yoast-schema-graph\">{\"@context\":\"https:\/\/schema.org\",\"@graph\":[{\"@type\":\"WebPage\",\"@id\":\"https:\/\/miha-eric-art.com\/music\/product\/likovne-delavnice-mihe-erica\/\",\"url\":\"https:\/\/miha-eric-art.com\/music\/product\/likovne-delavnice-mihe-erica\/\",\"name\":\"Likovne delavnice Mihe Eri\u010da - Music\",\"isPartOf\":{\"@id\":\"https:\/\/miha-eric-art.com\/music\/#website\"},\"primaryImageOfPage\":{\"@id\":\"https:\/\/miha-eric-art.com\/music\/product\/likovne-delavnice-mihe-erica\/#primaryimage\"},\"image\":{\"@id\":\"https:\/\/miha-eric-art.com\/music\/product\/likovne-delavnice-mihe-erica\/#primaryimage\"},\"thumbnailUrl\":\"https:\/\/miha-eric-art.com\/music\/wp-content\/uploads\/sites\/3\/2020\/09\/Delavnice-z-Miho-Ericem.jpg\",\"datePublished\":\"2020-09-05T07:06:58+00:00\",\"dateModified\":\"2021-03-27T16:07:23+00:00\",\"description\":\"Miha Eri\u010d likovne delavnice: linorez\/lesorez\/bakrorez\",\"breadcrumb\":{\"@id\":\"https:\/\/miha-eric-art.com\/music\/product\/likovne-delavnice-mihe-erica\/#breadcrumb\"},\"inLanguage\":\"en-US\",\"potentialAction\":[{\"@type\":\"ReadAction\",\"target\":[\"https:\/\/miha-eric-art.com\/music\/product\/likovne-delavnice-mihe-erica\/\"]}]},{\"@type\":\"ImageObject\",\"inLanguage\":\"en-US\",\"@id\":\"https:\/\/miha-eric-art.com\/music\/product\/likovne-delavnice-mihe-erica\/#primaryimage\",\"url\":\"https:\/\/miha-eric-art.com\/music\/wp-content\/uploads\/sites\/3\/2020\/09\/Delavnice-z-Miho-Ericem.jpg\",\"contentUrl\":\"https:\/\/miha-eric-art.com\/music\/wp-content\/uploads\/sites\/3\/2020\/09\/Delavnice-z-Miho-Ericem.jpg\",\"width\":1984,\"height\":1488},{\"@type\":\"BreadcrumbList\",\"@id\":\"https:\/\/miha-eric-art.com\/music\/product\/likovne-delavnice-mihe-erica\/#breadcrumb\",\"itemListElement\":[{\"@type\":\"ListItem\",\"position\":1,\"name\":\"Home\",\"item\":\"https:\/\/miha-eric-art.com\/music\/\"},{\"@type\":\"ListItem\",\"position\":2,\"name\":\"Shop\",\"item\":\"https:\/\/miha-eric-art.com\/music\/shop\/\"},{\"@type\":\"ListItem\",\"position\":3,\"name\":\"Likovne delavnice Mihe Eri\u010da\"}]},{\"@type\":\"WebSite\",\"@id\":\"https:\/\/miha-eric-art.com\/music\/#website\",\"url\":\"https:\/\/miha-eric-art.com\/music\/\",\"name\":\"Music\",\"description\":\"MIha Eri\u010d Music\",\"potentialAction\":[{\"@type\":\"SearchAction\",\"target\":{\"@type\":\"EntryPoint\",\"urlTemplate\":\"https:\/\/miha-eric-art.com\/music\/?s={search_term_string}\"},\"query-input\":\"required name=search_term_string\"}],\"inLanguage\":\"en-US\"}]}<\/script>\n<!-- \/ Yoast SEO plugin. -->","yoast_head_json":{"title":"Likovne delavnice Mihe Eri\u010da - Music","description":"Miha Eri\u010d likovne delavnice: linorez\/lesorez\/bakrorez","robots":{"index":"index","follow":"follow","max-snippet":"max-snippet:-1","max-image-preview":"max-image-preview:large","max-video-preview":"max-video-preview:-1"},"canonical":"https:\/\/miha-eric-art.com\/music\/product\/likovne-delavnice-mihe-erica\/","og_locale":"en_US","og_type":"article","og_title":"Likovne delavnice Mihe Eri\u010da - Music","og_description":"Miha Eri\u010d likovne delavnice: linorez\/lesorez\/bakrorez","og_url":"https:\/\/miha-eric-art.com\/music\/product\/likovne-delavnice-mihe-erica\/","og_site_name":"Music","article_modified_time":"2021-03-27T16:07:23+00:00","og_image":[{"width":1984,"height":1488,"url":"https:\/\/miha-eric-art.com\/music\/wp-content\/uploads\/sites\/3\/2020\/09\/Delavnice-z-Miho-Ericem.jpg","type":"image\/jpeg"}],"twitter_card":"summary_large_image","twitter_misc":{"Est. reading time":"1 minute"},"schema":{"@context":"https:\/\/schema.org","@graph":[{"@type":"WebPage","@id":"https:\/\/miha-eric-art.com\/music\/product\/likovne-delavnice-mihe-erica\/","url":"https:\/\/miha-eric-art.com\/music\/product\/likovne-delavnice-mihe-erica\/","name":"Likovne delavnice Mihe Eri\u010da - Music","isPartOf":{"@id":"https:\/\/miha-eric-art.com\/music\/#website"},"primaryImageOfPage":{"@id":"https:\/\/miha-eric-art.com\/music\/product\/likovne-delavnice-mihe-erica\/#primaryimage"},"image":{"@id":"https:\/\/miha-eric-art.com\/music\/product\/likovne-delavnice-mihe-erica\/#primaryimage"},"thumbnailUrl":"https:\/\/miha-eric-art.com\/music\/wp-content\/uploads\/sites\/3\/2020\/09\/Delavnice-z-Miho-Ericem.jpg","datePublished":"2020-09-05T07:06:58+00:00","dateModified":"2021-03-27T16:07:23+00:00","description":"Miha Eri\u010d likovne delavnice: linorez\/lesorez\/bakrorez","breadcrumb":{"@id":"https:\/\/miha-eric-art.com\/music\/product\/likovne-delavnice-mihe-erica\/#breadcrumb"},"inLanguage":"en-US","potentialAction":[{"@type":"ReadAction","target":["https:\/\/miha-eric-art.com\/music\/product\/likovne-delavnice-mihe-erica\/"]}]},{"@type":"ImageObject","inLanguage":"en-US","@id":"https:\/\/miha-eric-art.com\/music\/product\/likovne-delavnice-mihe-erica\/#primaryimage","url":"https:\/\/miha-eric-art.com\/music\/wp-content\/uploads\/sites\/3\/2020\/09\/Delavnice-z-Miho-Ericem.jpg","contentUrl":"https:\/\/miha-eric-art.com\/music\/wp-content\/uploads\/sites\/3\/2020\/09\/Delavnice-z-Miho-Ericem.jpg","width":1984,"height":1488},{"@type":"BreadcrumbList","@id":"https:\/\/miha-eric-art.com\/music\/product\/likovne-delavnice-mihe-erica\/#breadcrumb","itemListElement":[{"@type":"ListItem","position":1,"name":"Home","item":"https:\/\/miha-eric-art.com\/music\/"},{"@type":"ListItem","position":2,"name":"Shop","item":"https:\/\/miha-eric-art.com\/music\/shop\/"},{"@type":"ListItem","position":3,"name":"Likovne delavnice Mihe Eri\u010da"}]},{"@type":"WebSite","@id":"https:\/\/miha-eric-art.com\/music\/#website","url":"https:\/\/miha-eric-art.com\/music\/","name":"Music","description":"MIha Eri\u010d Music","potentialAction":[{"@type":"SearchAction","target":{"@type":"EntryPoint","urlTemplate":"https:\/\/miha-eric-art.com\/music\/?s={search_term_string}"},"query-input":"required name=search_term_string"}],"inLanguage":"en-US"}]}},"_links":{"self":[{"href":"https:\/\/miha-eric-art.com\/music\/wp-json\/wp\/v2\/product\/8840","targetHints":{"allow":["GET"]}}],"collection":[{"href":"https:\/\/miha-eric-art.com\/music\/wp-json\/wp\/v2\/product"}],"about":[{"href":"https:\/\/miha-eric-art.com\/music\/wp-json\/wp\/v2\/types\/product"}],"replies":[{"embeddable":true,"href":"https:\/\/miha-eric-art.com\/music\/wp-json\/wp\/v2\/comments?post=8840"}],"wp:featuredmedia":[{"embeddable":true,"href":"https:\/\/miha-eric-art.com\/music\/wp-json\/wp\/v2\/media\/8841"}],"wp:attachment":[{"href":"https:\/\/miha-eric-art.com\/music\/wp-json\/wp\/v2\/media?parent=8840"}],"wp:term":[{"taxonomy":"product_cat","embeddable":true,"href":"https:\/\/miha-eric-art.com\/music\/wp-json\/wp\/v2\/product_cat?post=8840"},{"taxonomy":"product_tag","embeddable":true,"href":"https:\/\/miha-eric-art.com\/music\/wp-json\/wp\/v2\/product_tag?post=8840"}],"curies":[{"name":"wp","href":"https:\/\/api.w.org\/{rel}","templated":true}]}}